
-451
Convert 112220221 (base 3) to base 16.
2a7f
What is 203001 (base 4) in base 2?
100011000001
Convert 1000111101 (base 2) to base 9.
706
Convert -452245 (base 6) to base 11.
-26702
What is -2167 (base 11) in base 3?
-10220210
1885 (base 9) to base 12
a12
-2268 (base 9) to base 7
-4622
What is -3c7 (base 16) in base 14?
-4d1
What is -91 (base 14) in base 2?
-1111111
Convert 2021122 (base 3) to base 11.
1283
What is 113120 (base 6) in base 15?
2d63
Convert -6771 (base 9) to base 10.
-5005
Convert 2103 (base 6) to base 15.
216
8594 (base 10) to base 8
20622
Convert -10011001 (base 3) to base 12.
-13b4
What is 2127a (base 13) in base 14?
17ac6
91a8 (base 11) to base 2
10111110111010
-3196 (base 12) to base 8
-12502
What is -20110 (base 4) in base 8?
-1024
What is -765 (base 10) in base 11?
-636
Convert -2669 (base 14) to base 8.
-15145
What is 4414 (base 5) in base 2?
1001100001
Convert -3e (base 16) to base 5.
-222
What is 1111010110 (base 2) in base 8?
1726
101100111001 (base 2) to base 5
42443
Convert -1011 (base 3) to base 14.
-23
Convert 2186 (base 10) to base 9.
2888
Convert 352 (base 9) to base 14.
16a
Convert -102121 (base 5) to base 3.
-11200100
Convert -111111111 (base 2) to base 4.
-13333
-5151 (base 6) to base 3
-1120111
What is -35661 (base 11) in base 6?
-1033455
-57146 (base 8) to base 3
-1020011001
Convert -928 (base 11) to base 7.
-3156
Convert 2531 (base 7) to base 3.
1022022
What is -1343032 (base 5) in base 13?
-c907
Convert 552043 (base 6) to base 10.
45819
33440 (base 6) to base 12
2880
11057 (base 10) to base 2
10101100110001
What is 1000101010000 (base 2) in base 3?
20002011
132144 (base 5) to base 13
2548
-3438 (base 9) to base 12
-1582
Convert -310022 (base 4) to base 13.
-169a
-4830 (base 10) to base 11
-36a1
-21310 (base 8) to base 4
-2023020
What is -10011000101 (base 2) in base 6?
-5353
Convert -a7 (base 15) to base 4.
-2131
What is 43132 (base 5) in base 4?
231211
-415 (base 15) to base 10
-920
What is -1044 (base 8) in base 14?
-2b2
Convert 500 (base 11) to base 13.
377
-5434 (base 12) to base 9
-13624
What is 10212012220 (base 3) in base 14?
1d98b
5045 (base 6) to base 15
4de
What is 3d85 (base 15) in base 16?
3377
Convert -210012 (base 3) to base 8.
-1074
Convert 183 (base 14) to base 12.
21b
-a322 (base 11) to base 8
-32601
What is 18701 (base 10) in base 15?
581b
Convert 133002 (base 4) to base 7.
5535
d85 (base 15) to base 8
5752
20101000 (base 3) to base 5
122034
Convert -1434 (base 10) to base 12.
-9b6
1 (base 4) to base 15
1
Convert -28c (base 16) to base 5.
-10102
-10010100111110 (base 2) to base 4
-2110332
Convert -10000000111 (base 2) to base 12.
-71b
-3cf (base 16) to base 12
-693
What is -510 (base 12) in base 8?
-1334
3575 (base 9) to base 15
bc5
What is -102ad (base 14) in base 15?
-b826
-1d4 (base 16) to base 2
-111010100
Convert 1b5 (base 14) to base 6.
1351
Convert 18 (base 11) to base 13.
16
-5001 (base 9) to base 12
-213a
-611 (base 8) to base 15
-1b3
What is -1463 (base 7) in base 16?
-248
What is -77a (base 12) in base 16?
-44e
255210 (base 6) to base 2
101101010010110
Convert -14455 (base 8) to base 16.
-192d
Convert 1111111001011011 (base 2) to base 6.
1221243
What is -8449 (base 13) in base 5?
-1041223
Convert 168 (base 9) to base 11.
120
What is 5451 (base 6) in base 2?
10011100111
What is -2060 (base 8) in base 12?
-754
Convert -15b (base 14) to base 13.
-184
-110111001000 (base 2) to base 8
-6710
-b173 (base 13) to base 2
-101111101101110
525 (base 15) to base 5
14120
What is -10304 (base 6) in base 2?
-10110000000
Convert 3221 (base 9) to base 8.
4500
Convert 12021122 (base 3) to base 5.
110401
-1042544 (base 6) to base 3
-2122222201
What is 11321312 (base 4) in base 14?
8b54
Convert -1a639 (base 13) to base 2.
-1100100110001001
Convert -100312 (base 4) to base 11.
-8a0
Convert 15143 (base 9) to base 6.
115450
Convert -101111221 (base 3) to base 2.
-1110111110010
What is 11000000010101 (base 2) in base 13?
57ab
-aa (base 16) to base 7
-332
What is -1089 (base 14) in base 6?
-21133
Convert -2420 (base 6) to base 15.
-293
Convert 857 (base 10) to base 13.
50c
12831 (base 12) to base 6
313301
What is -171 (base 10) in base 2?
-10101011
What is 344 (base 10) in base 8?
530
Convert -35145 (base 6) to base 10.
-5033
627 (base 11) to base 5
11010
Convert 549 (base 12) to base 4.
30021
126774 (base 8) to base 16
adfc
What is -2222302 (base 4) in base 16?
-2ab2
Convert 21102 (base 3) to base 12.
148
Convert -44122 (base 9) to base 15.
-8a0b
Convert 338 (base 14) to base 13.
3a1
Convert 15b66 (base 12) to base 4.
13210332
What is -22145 (base 8) in base 15?
-2b62
What is 10d5 (base 15) in base 9?
4812
-7714 (base 8) to base 15
-12e9
Convert -6968 (base 10) to base 13.
-3230
What is 110000100110 (base 2) in base 12?
1972
Convert 1aa33 (base 12) to base 14.
10571
Convert 10010111100110 (base 2) to base 6.
112530
What is -43244 (base 8) in base 12?
-a570
What is -250 (base 12) in base 9?
-426
Convert 13321 (base 4) to base 9.
621
-261 (base 7) to base 2
-10001101
-2445 (base 6) to base 14
-313
-325032 (base 6) to base 10
-27020
What is 43a (base 12) in base 6?
2514
Convert -16459 (base 10) to base 16.
-404b
Convert -11011001 (base 2) to base 11.
-188
Convert 1c0 (base 13) to base 12.
231
Convert 45372 (base 8) to base 7.
106650
Convert -2564 (base 9) to base 7.
-5413
What is -1020112120 (base 3) in base 2?
-101111110000010
d56d (base 16) to base 2
1101010101101101
-dc9 (base 14) to base 9
-3657
Convert -2110111022 (base 3) to base 5.
-3022343
Convert -4348 (base 11) to base 12.
-33a3
What is -552 (base 15) in base 4?
-102302
Convert -21101 (base 4) to base 7.
-1505
Convert -b5c (base 15) to base 16.
-a02
What is -3426 (base 16) in base 5?
-411400
-151 (base 10) to base 9
-177
Convert -2010100202 (base 3) to base 15.
-c5cb
Convert 688 (base 11) to base 15.
39c
Convert -34d7 (base 16) to base 10.
-13527
What is -4131310 (base 5) in base 15?
-150da
What is 13121 (base 5) in base 10?
1036
Convert 4cc (base 13) to base 5.
11334
Convert 1634 (base 15) to base 9.
6484
-222001 (base 3) to base 11
-58a
-434 (base 7) to base 11
-191
What is -11203 (base 4) in base 13?
-214
Convert 21ba2 (base 14) to base 12.
3b46a
What is -1302 (base 7) in base 14?
-272
Convert 422 (base 8) to base 12.
1aa
Convert 2dd (base 16) to base 6.
3221
139 (base 16) to base 2
100111001
2013 (base 4) to base 10
135
Convert -1b4b2 (base 12) to base 15.
-bebe
Convert 426 (base 12) to base 15.
2a6
What is -1354 (base 8) in base 3?
-1000201
Convert -2132421 (base 5) to base 4.
-20330003
What is -59b6 (base 14) in base 7?
-63416
What is ecbc (base 16) in base 15?
12e54
What is -4467 (base 16) in base 8?
-42147
19a7 (base 11) to base 12
1575
Convert 211 (base 5) to base 11.
51
What is 100 (base 7) in base 6?
121
Convert 2397 (base 15) to base 2.
1110110001111
-31701 (base 8) to base 9
-20151
Convert 21112 (base 14) to base 7.
451422
What is 9b (base 14) in base 7?
254
What is -51c (base 14) in base 8?
-1756
What is 10120 (base 5) in base 9?
813
What is 3013 (base 6) in base 14?
34d
Convert -4133 (base 11) to base 12.
-3209
What is -144da (base 14) in base 8?
-142300
-173 (base 12) to base 7
-450
What is 122 (base 6) in base 5?
200
Convert 220 (base 9) to base 7.
345
What is 3615 (base 9) in base 4?
221333
Convert -4025 (base 10) to base 15.
-12d5
What is 22234 (base 5) in base 9?
2133
-102232 (base 4) to base 6
-5314
Convert -131322 (base 4) to base 6.
-12510
What is -23011 (base 7) in base 12?
-3467
What is -a284 (base 14) in base 11?
-19aa8
22030 (base 5) to base 10
1515
What is -6312 (base 9) in base 6?
-33232
Convert -1096 (base 13) to base 15.
-a4a
Convert 9795 (base 13) to base 6.
241330
Convert -f3cb (base 16) to base 10.
-62411
Convert 9b96 (base 12) to base 7.
101202
What is 1592 (base 12) in base 7?
10313
10010111111111 (base 2) to base 8
22777
Convert -454 (base 9) to base 7.
-1042
Convert 10111022110 (base 3) to base 16.
10c92
Convert -43 (base 6) to base 5.
-102
What is 33554 (base 12) in base 10?
68176
3032011 (base 4) to base 9
20074
What is 4a5 (base 12) in base 9?
858
What is -3401 (base 5) in base 11?
-3a3
-1377 (base 11) to base 16
-6f2
Convert 365 (base 11) to base 9.
532
Convert -220021 (base 3) to base 7.
-1624
